e -54 = -6*p + 4*r, -8*r + 10 = p - 9*r. What is the highest common factor of 623 and p?
7
Let a be ((-1)/(-2))/(3/2)*54. What is the highest common factor of a and 30?
6
Let v be ((-5)/2)/(1/(-2)). Let k(r) = r**3 - 8*r**2 + 6*r + 10. Let w be k(7). Let g be (-2 + w)/(5/225). Calculate the highest common factor of g and v.
5
Suppose 3*h + 58 = v, -2*v - 56 = 2*h - 7*v. Let r be (-536)/h + (-22)/(-99). What is the highest common factor of r and 20?
10
Let g = 239 - 222. Calculate the highest common divisor of 459 and g.
17
Let m = 739 - 627. Calculate the highest common divisor of m and 1288.
56
Suppose -3*m + 2*q + 617 = 0, -2*m + 9*q + 406 = 5*q. Let g(o) = -5*o - 7. Let l be g(-6). What is the greatest common divisor of l and m?
23
Let v = -825 + 1645. What is the greatest common divisor of v and 20?
20
Let i be (-546)/(-105) - (1/(-5))/(-1). Suppose i*t = 2*s + t - 42, -5*s - 5*t = -105. Calculate the greatest common factor of 21 and s.
21
Suppose -c - a - 2 = 0, 8 = -0*a - 2*a. Suppose 5*b + c = 7. Let d be (1 - -2 - -36) + b. Calculate the greatest common factor of 16 and d.
8
Let w = -1 - -34. Let k be 753/w + (-8)/(-44). Suppose -17 - k = -5*h. What is the greatest common divisor of 56 and h?
8
Suppose 3*z = x + 174, 0*x + 522 = -3*x - 4*z. Let h = x + 244. What is the highest common divisor of 10 and h?
10
Let n be -3*(-3)/((-27)/(-6)). Suppose -n*r = -5*r + 12. Suppose 0 = r*x - i - 19, -4*i + 7 + 2 = x. Calculate the highest common factor of x and 40.
5
Suppose -153 = -17*z + 85. Suppose -5*s = -0*s - 630. What is the greatest common divisor of z and s?
14
Suppose -15 = 21*f - 26*f. Let x(y) = -y + 15. Let j be x(0). Calculate the greatest common divisor of f and j.
3
Suppose 138 = 5*j + 4*h - 6*h, -j + 30 = 2*h. Calculate the greatest common divisor of j and 7.
7
Let r = -645 + 685. Let b be (-18)/(-2)*(-16)/(-6). Calculate the greatest common factor of b and r.
8
Let j be ((-18)/4)/(4 + -1)*-20. What is the highest common divisor of j and 150?
30
Let s = -241 - -280. Calculate the highest common divisor of s and 195.
39
Suppose -1859 + 1775 = -14*s. Calculate the greatest common divisor of 213 and s.
3
Suppose 3*p = 21 + 54. Let v(r) = 38*r + 327. Let a be v(-4). Calculate the greatest common factor of a and p.
25
Let u(i) = 4*i**2 + 3*i - 5. Let h be u(-4). Suppose 4*j - 1 = h. Let p be j + (2 - 1)*3. Calculate the highest common factor of 165 and p.
15
Let y be ((-1)/1 + 5)*(-39)/(-78). What is the greatest common factor of 178 and y?
2
Let h(a) be the first derivative of 4*a**3/3 + 2*a**2 + 8*a - 30. Let o be h(3). Suppose 3 + 4 = g. Calculate the greatest common divisor of g and o.
7
Let s(r) = r**2 - 7*r - 17. Let l be (8/6 - 7)*(0 - 3). Let x be s(l). Calculate the highest common factor of 17 and x.
17
Let w(u) = 2*u - 11. Let o be w(13). Suppose 2*c + o = 5*c. Suppose 48 = c*y - 102. Calculate the highest common divisor of y and 75.
15
Let j(z) = 4*z - 82. Let h be j(23). Calculate the greatest common factor of 830 and h.
10
Let i = -2 + 10. Let a be 4678/13 + 4/26. Suppose -5*u = -0*u - a. Calculate the highest common divisor of u and i.
8
Suppose -17*y + 556 = 165. Let l = 33 - -82. What is the greatest common divisor of y and l?
23
Let y(n) = -n**2 + 22*n. Let l be y(22). Suppose -5*r + 88 + 62 = z, l = 5*z. What is the greatest common divisor of 15 and r?
15
Suppose 2306 = 13*f - 1412. What is the highest common factor of f and 26?
26
Let r = 23 + -18. Suppose 0*k - r*k = 2*c + 146, -k - c - 28 = 0. Let g be (-1)/6 - 365/k. What is the greatest common divisor of 60 and g?
12
Let j(o) = 5*o**3 + o**2 + o - 2. Let y be j(1). Let c = -8 - 4. Let p be (-270)/c*(-4)/(-6). Calculate the greatest common factor of y and p.
5
Let k = -1214 - -1753. What is the highest common divisor of 49 and k?
49
Suppose -2 - 4 = 2*x. Let j be (x/(-2))/(8/16). Suppose -j*n + 36 + 6 = 0. Calculate the greatest common divisor of n and 35.
7
Let w be (1/3)/(((-330)/(-216))/55). Suppose -4*g + 2 = 3*h - 14, g = -5*h + 55. Calculate the greatest common divisor of h and w.
12
Let m(t) be the third derivative of t**6/120 + t**5/5 - 7*t**4/24 - 3*t**3 - 14*t**2. Let u be m(-12). Calculate the greatest common divisor of 6 and u.
6
Let b be ((-3164)/(-245) + 4/5)*7. Calculate the highest common divisor of b and 128.
32
Let p be (-6)/(-36) + 125/6. Calculate the greatest common divisor of p and 105.
21
Let l = -136 - -152. Calculate the highest common factor of l and 24.
8
Let m = 241 + -199. Calculate the greatest common factor of m and 273.
21
Suppose 14*y + 5*i = 11*y + 73, 2*i + 22 = 2*y. Suppose 3*n + 10*z - 34 = 5*z, 4*z + y = 0. What is the greatest common factor of n and 324?
18
Suppose 0 = 3*l + 4*f - 10 - 17, -4*l + 4*f + 36 = 0. Suppose -l*b + 10*b - 98 = 0. What is the highest common factor of 14 and b?
14
Let i(r) = r**3 + 5*r**2 - r - 3. Let d be i(-5). Let x = -3 - -3. Suppose x = -4*a + 90 - 2. What is the greatest common factor of a and d?
2
Suppose z - 335 + 329 = -f, 0 = 4*z - 4*f. Let o = -19 - -34. What is the highest common divisor of o and z?
3
Suppose -d + 5 = -2*j + 13, 0 = -4*j + 3*d + 14. Suppose -4*f - 4 = 0, 0 = o + o + j*f - 13. Calculate the greatest common factor of 72 and o.
9
Let h = 1494 - 744. What is the greatest common factor of h and 30?
30
Let k = 64 + -21. Suppose -3*m + k = p, 12 = -2*m + 3*m - 2*p. Calculate the highest common divisor of 14 and m.
14
Let w(k) = -4*k - 2. Let v be w(-2). Let c = v - 6. Suppose -a = 4*r - 59, -4*a = -c*r + r + 4. What is the greatest common factor of 128 and r?
16
Suppose -5*w = 25, 2*w = -2*g - 3 + 9. Suppose 0 = g*h - 3*h - 4*k - 58, h = -5*k. Calculate the greatest common divisor of 15 and h.
5
Let x be (-1570)/(-8) - (-7)/(-28). Suppose 5*n - x = 434. Calculate the greatest common factor of n and 14.
14
Let j(k) = -k**2 + 6*k + 3. Let x be j(4). What is the greatest common divisor of 77 and x?
11
Let i(g) = 2*g**2 + 3*g + 1. Let b be i(-2). Suppose 14*p - 140 = -0*p. Let x be 4*1/p + 2934/90. Calculate the greatest common divisor of b and x.
3
Let m(w) = -147*w - 15. Let v be m(-5). Suppose f - 11*f = -v. What is the highest common divisor of 24 and f?
24
Let t be ((-5)/25)/(2*(-6)/780). Let l be 158/3 + 2/(-3). Calculate the greatest common factor of l and t.
13
Let f = -4 + 7. Let s = f - 3. Suppose -5*w + 8 = -3*l, s = -5*l - 0*w - w + 24. Calculate the highest common factor of 12 and l.
4
Suppose 23*f - 2735 = -642. Let t(j) = j**3 - 7*j**2 + 3*j - 8. Let i be t(7). Calculate the greatest common divisor of f and i.
13
Suppose -903 + 21 = -3*v. What is the highest common divisor of v and 98?
98
Let f(z) = 3*z**2 - 4*z. Let t be f(5). Let x(h) = h**2 - 4*h + 10. Let y be 240/(-32)*(-8)/10. Let q be x(y). Calculate the greatest common divisor of q and t.
11
Let g(v) be the second derivative of v**5/20 + 5*v**4/4 - v**3/3 + 5*v**2 + 20*v. Let z be g(-14). What is the highest common divisor of z and 39?
39
Suppose -4*d - 16 = 4. Let i be (15 - -2) + -2*2. Let q = i + d. What is the greatest common divisor of q and 40?
8
Suppose 4*l + 406 - 2298 = 4*r, -3*l + 2*r + 1415 = 0. Calculate the greatest common factor of l and 134.
67
Suppose 0 = 3*l - 4*c + 13, 12 = 5*c - 2*c. Suppose 2 = y - l. Suppose -g - 33 = -3*o, 5*g - y*g = -3*o + 24. Calculate the highest common factor of o and 100.
10
Suppose 0 = 2*n - n - 6. Suppose -z - 2*b = 4*z - 60, 3*z = 4*b + 10. Let g = z + n. Calculate the greatest common factor of 24 and g.
8
Let o be ((-810)/(-6) - -5)*1. Calculate the highest common factor of o and 35.
35
Let l = -274 + 385. Let q = 156 - l. Calculate the greatest common factor of 15 and q.
15
Suppose h = 58 + 37. Suppose -2*w + w - 295 = 5*r, 3*w = 2*r + 118. Let o = r + h. Calculate the greatest common divisor of o and 4.
4
Suppose 57 = 4*s - 295. Suppose 0 = -3*m - 5*g + 69, 3 = m + g - 20. Let i = 34 - m. What is the greatest common divisor of s and i?
11
Let s = 297 + -292. Let u be (-2)/8 - (-305)/20. Calculate the greatest common factor of s and u.
5
Suppose -21 = -7*h - 0*h. Suppose k + 2*p - 13 = -h, -2*k - 2*p + 16 = 0. What is the greatest common factor of k and 6?
6
Let b(g) = 2*g**2 - g + 3. Let i be b(3). Let r = 657 - 585. What is the highest common factor of i